e q(39).
97
Let f(g) = -189*g**2 + 47*g + 5. What is f(0)?
5
Let d(n) = -153*n**2 + n - 2. Give d(1).
-154
Let o(h) = 21*h + 489. What is o(-22)?
27
Let a(m) = -12*m**2 + 297*m + 77. Determine a(25).
2
Let c(v) = -v**3 - 41*v**2 + 94*v + 303. Calculate c(-43).
-41
Let p(z) = 58*z**2 + 1973*z + 36. Calculate p(-34).
2
Let n(y) = -6*y**2 + 24*y + 74. Give n(-9).
-628
Let y(m) = 111*m + 5876. What is y(-53)?
-7
Let i(f) = -f**3 - 11*f**2 - 24*f - 68. Determine i(-8).
-68
Let l(q) = -q - 67. What is l(-20)?
-47
Let x(c) = -c**3 - 26*c**2 - 6*c - 85. Calculate x(-26).
71
Let i(l) = 12*l - 36. Determine i(1).
-24
Let d(h) = h**2 - 63*h + 929. Determine d(30).
-61
Let w(i) = i**3 - 13*i**2 - 42*i - 9. Determine w(16).
87
Let z(h) = -h**2 - 21*h - 113. Determine z(-12).
-5
Let d(x) = -x**2 + 3*x + 1250. Determine d(39).
-154
Let a(g) = g**3 + 33*g**2 + 3*g - 20. Give a(-33).
-119
Let j(t) = -3*t**3 + 66*t**2 - 362*t + 25. What is j(12)?
1
Let c(s) = 558*s + 11753. Give c(-21).
35
Let b(q) = -17*q - 217. Give b(-12).
-13
Let z(i) = -79*i + 1025. What is z(13)?
-2
Let r(v) = -3*v**2 + 29*v + 75. Calculate r(18).
-375
Let q(p) = 16*p - 97. Give q(6).
-1
Let q(h) = -6*h**2 - 76*h + 74. Determine q(1).
-8
Let n(l) = -2195*l + 10983. Determine n(5).
8
Let o(n) = n**2 + 52*n - 15205. What is o(-152)?
-5
Let x(r) = -r**2 - 44*r + 532. What is x(-55)?
-73
Let k(h) = -6*h**2 - 63*h - 88. What is k(-9)?
-7
Let d(b) = -33*b + 550. Calculate d(17).
-11
Let q(v) = 13*v**3 + 106*v**2 - 238*v + 19. Determine q(-10).
-1
Let c(r) = r**2 + 212*r + 5492. Calculate c(-31).
-119
Let u(h) = h**2 + 13*h - 22. Determine u(2).
8
Let d(y) = -2*y + 85. Give d(34).
17
Let q(k) = -205*k - 408. Calculate q(-2).
2
Let h(q) = q**3 - q**2 - 3*q - 14. What is h(0)?
-14
Let v(k) = -k**3 + k**2 - 19*k - 7. What is v(6)?
-301
Let t(w) = 45*w + 272. Determine t(-5).
47
Let v(o) = 76*o + 3854. Give v(-50).
54
Let i(u) = -1468*u + 129178. Give i(88).
-6
Let w(i) = i**3 + 3*i**2 - 4*i - 11. Give w(-4).
-11
Let r(k) = -3*k**2 - 68*k - 762. Calculate r(-19).
-553
Let t(x) = -2*x**2 - 10*x - 5. Calculate t(-10).
-105
Let k(z) = 11*z**2 + 440*z + 440. Determine k(-1).
11
Let f(x) = -2*x**3 - 256*x**2 + 8*x + 1027. Give f(-128).
3
Let f(m) = 4*m**2 - 52*m - 349. Give f(18).
11
Let w(c) = 8*c**2 - 11*c - 72. What is w(6)?
150
Let l(h) = -2*h**3 + 5*h**2 - 31*h + 85. What is l(5)?
-195
Let b(r) = 395*r**2 - 3*r - 4. Calculate b(-1).
394
Let m(i) = -i**3 - 89*i**2 - 62*i + 2277. Calculate m(-88).
-11
Let h(o) = -3*o**2 - 30*o + 196. Give h(6).
-92
Let n(d) = -d**2 + 4*d - 19. What is n(6)?
-31
Let g(m) = -2*m**2 + 107*m - 217. What is g(51)?
38
Let t(x) = 25*x**2 + 146*x - 28. Calculate t(-6).
-4
Let n(j) = -3*j**2 - 44*j - 122. Give n(-11).
-1
Let i(n) = -4*n**2 - 30*n - 259. Determine i(-9).
-313
Let q(s) = -190*s + 1100. Determine q(6).
-40
Let x(p) = 27*p**2 + 225*p + 374. Calculate x(-5).
-76
Let j(w) = 24*w + 1332. Give j(-56).
-12
Let b(w) = 2*w**2 + 17*w - 58. Determine b(-11).
-3
Let m(y) = -17*y + 68. Determine m(4).
0
Let x(k) = k**2 + 4932*k - 24681. Give x(5).
4
Let m(b) = 26*b - 27. Calculate m(2).
25
Let f(h) = 10*h**2 - 19*h - 62. Give f(-5).
283
Let n(z) = -268*z - 2407. Determine n(-9).
5
Let r(t) = -6271*t + 319814. Give r(51).
-7
Let q(n) = -1228*n - 11. What is q(0)?
-11
Let l(p) = p**3 - 31*p**2 + 61*p - 1041. Calculate l(30).
-111
Let i(a) = 134*a + 6304. Give i(-47).
6
Let k(c) = c**2 + 36*c - 42. Calculate k(-38).
34
Let a(k) = -k**3 + 3*k**2 + 16*k + 19. What is a(-2)?
7
Let n(m) = -2056*m + 55508. Give n(27).
-4
Let l(z) = 995*z + 14941. Determine l(-15).
16
Let h(t) = 4*t**2 - 75*t - 295. Calculate h(-4).
69
Let c(x) = -3*x**3 + 57*x**2 - x + 45. What is c(19)?
26
Let w(y) = y**3 - 17*y**2 + 15*y + 50. Give w(16).
34
Let b(v) = -15*v + 130. Determine b(9).
-5
Let l(y) = -129*y - 1943. Calculate l(-15).
-8
Let a(l) = -15*l**3 - 5*l**2 + 11*l + 28. Determine a(-2).
106
Let q(g) = 30*g - 50. Calculate q(4).
70
Let b(y) = 92*y + 2643. Give b(-29).
-25
Let i(b) = -77*b - 1095. Give i(-14).
-17
Let y(b) = 4*b**3 - 309*b**2 - 550*b - 240. Give y(79).
-3
Let r(l) = -l**3 + 26*l**2 - 25*l - 1001. What is r(23)?
11
Let i(d) = -323*d + 3541. What is i(11)?
-12
Let k(g) = g**3 + 49*g**2 + 467*g - 29. Give k(-13).
-16
Let j(n) = 30*n**2 - 244*n + 49. Give j(8).
17
Let p(r) = -4*r**2 + 114*r - 112. What is p(1)?
-2
Let f(y) = 48*y - 3851. Give f(77).
-155
Let d(y) = 2*y + 101. Give d(-13).
75
Let o(m) = -30*m**3 + 333*m**2 - 15*m + 27. What is o(11)?
225
Let x(v) = -v**3 + 11*v**2 - 11*v + 5. Give x(10).
-5
Let k(d) = -72*d + 5828. Calculate k(82).
-76
Let v(i) = 4*i**2 + 517*i + 3065. Determine v(-123).
-10
Let g(o) = -366*o + 431. Determine g(1).
65
Let z(p) = -48*p - 1. Give z(-4).
191
Let b(l) = 45*l - 30. What is b(2)?
60
Let q(n) = 89*n**2 - 5*n - 7. Calculate q(-1).
87
Let b(g) = -g**3 + 7*g**2 - 7*g - 21. Calculate b(5).
-6
Let w(h) = -25*h - 22. Give w(-3).
53
Let l(a) = -530*a + 6374. What is l(12)?
14
Let u(h) = -7*h**3 + 2*h**2 + 3*h - 3. What is u(1)?
-5
Let d(u) = -1063*u + 5310. Calculate d(5).
-5
Let i(n) = -263*n + 1672. Determine i(6).
94
Let o(a) = -114*a + 4807. Determine o(43).
-95
Let a(b) = -208*b + 840. Give a(4).
8
Let z(k) = -k**3 - 20*k**2 + 63*k - 88. What is z(-23)?
50
Let g(z) = 10*z**2 + 39*z - 144. Give g(-6).
-18
Let k(u) = 9*u**2 - 463. What is k(-12)?
833
Let c(h) = -14*h + 1518. Determine c(109).
-8
Let f(u) = 225*u + 57. What is f(-2)?
-393
Let k(u) = 57*u + 287. Calculate k(-5).
2
Let m(q) = -q**3 - 65*q**2 - 126*q - 4. Determine m(-2).
-4
Let r(u) = 38*u**2 - 35*u + 114. What is r(3)?
351
Let j(v) = -2*v**2 + 355*v + 511. Determine j(179).
-26
Let x(m) = 52*m**2 + 5*m + 15. What is x(-3)?
468
Let h(j) = -2*j**3 - j**2 + 10*j - 10. Determine h(3).
-43
Let m(k) = 2*k**3 + 61*k**2 - 44*k - 451. Calculate m(-31).
-48
Let n(w) = w**3 - 4*w**2 - 159*w + 632. Calculate n(4).
-4
Let v(s) = 2*s**3 - 97*s**2 + 57*s - 434. Determine v(48).
-2
Let c(t) = -24*t - 40. Determine c(-4).
56
Let h(f) = f + 9. Give h(6).
15
Let h(v) = -v**3 - 36*v**2 + 74*v - 71. Calculate h(-38).
5
Let u(n) = 132*n + 2648. What is u(-20)?
8
Let m(w) = 388*w + 2726. Determine m(-7).
10
Let a(y) = 243*y - 8758. Determine a(36).
-10
Let o(y) = -11*y**2 + 467*y + 744. Give o(44).
-4
Let g(i) = i**3 - 6*i - 12. Give g(-3).
-21
Let l(a) = -170*a**2 - 351*a - 2. Give l(-2).
20
Let t(l) = -643*l - 3205. What is t(-5)?
10
Let u(i) = -i. Determine u(-8).
8
Let h(q) = q**3 + 17*q**2 + 91*q + 932. What is h(-15)?
17
Let y(c) = -4*c**3 - 11*c**2 + 8*c + 13. Give y(-4).
61
Let j(u) = -u**2 - 64*u - 409. Give j(-56).
39
Let o(b) = b**2 - 116*b + 651. Calculate o(6).
-9
Let w(o) = o**3 - 43*o**2 - 175*o + 3872. What is w(45)?
47
Let a(w) = w**2 - 502*w + 55610. What is a(337)?
5
Let g(i) = 122*i + 3048. What is g(-25)?
-2
Let c(q) = q**3 + 25*q**2 + 89*q + 22. Give c(-21).
-83
Let f(w) = -272*w - 7071. Give f(-26).
1
Let t(r) = -r**3 - 8*r**2 - 585. Calculate t(-12).
-9
Let v(d) = -2125*d - 19139. Give v(-9).
-14
Let p(i) = 404*i - 10174. Give p(25).
-74
Let b(j) = 13*j + 66. Calculate b(-8).
-38
Let o(a) = -a**2 + 11*a + 29. Calculate o(0).
29
Let d(r) = r**3 - 14*r**2 - 32*r + 30. What is d(16)?
30
Let v(f) = 29*f - 192. What is v(6)?
-18
Let q(m) = -905*m + 15355. Calculate q(17).
-30
Let j(d) = -9*d**3 + 6*d**2 - 4*d - 4. Give j(2).
-60
Let v(p) = p**2 + 63*p + 286. Calculate v(-5).
-4
Let o(n) = -2*n**3 - 22*n**2 + 86*n + 949. What is o(-11)?
3
Let o(t) = 40*t**3 - 6*t**2 + 8*t + 19. Calculate o(-2).
-341
Let m(d) = 5*d**2 + 153*d - 481. Determine m(3).
23
Let n(r) = r**3 - 14*r**2 + 43*r - 8. Determine n(10).
22
Let w(c) = -118*c + 3201. Give w(27).
15
Let p(s) = -s**3 + 57*s**2 - 290*s - 815. Give p(51).
1
Let b(j) = 11563*j + 23116. What is b(-2)?
-10
Let a(x) = -40*x**2 - 497*x - 99. Determine a(-12).
105
Let u(p) = 2*p**2 - 122*p - 2868. What is u(79)?
-24
Let z(c) = 2*c**2 + 83*c + 309. Give z(-4).
9
Let b(h) = -49*h**2 + 82*h - 62. Calculate b(1).
-29
Let j(v) = -642*v + 17360. Give j(27).
26
Let v(w) = -54*w + 157. Determine v(4).
-59
Let t(w) = w**3 - 398*w - 54. Calculate t(20).
-14
Let g(n) = -56*n + 3094. Calculate g(55).
14
Let g(s) = -6*s**2 + 23*s + 49. Give g(-2).
-21
Let 